*v**2 + 8*v - 9. Determine g(a).
126
Let h(u) = 15*u - 61. Let v(b) = -b**2 - 109*b - 1328. Let n be v(-95). Give h(n).
-31
Let a(f) = -9*f**3 + 2*f**2 + 8*f + 4. Let h(v) = -28*v**3 + 7*v**2 + 25*v + 14. Let x(q) = 13*a(q) - 4*h(q). Give x(2).
-44
Suppose 2*f - 109 + 105 = 0. Let q(w) = -233*w - 2 + 222*w - 10*w**f - 4*w**3 + 3*w**3 + 2*w**3. Determine q(11).
-2
Let k(r) be the third derivative of 0 + 1/60*r**5 + 0*r**3 + 0*r + r**2 - 1/8*r**4. Suppose -8*j + 2*c + 19 = -7*j, j - 4*c = 35. Give k(j).
0
Let t(k) = 7*k**3 + 8*k**2 - k - 2. Let b(y) = -20*y**3 - 22*y**2 + 3*y + 5. Let n(p) = -6*b(p) - 17*t(p). Let s be (16/56)/(2/28). What is n(s)?
0
Let v = -33297 + 33297. Let f(p) be the second derivative of 0 - 1/3*p**4 + v*p**3 + 1/2*p**2 + 39*p. What is f(2)?
-15
Let j(c) be the third derivative of -c**4/12 - 3*c**3/2 - 5349*c**2. Calculate j(-1).
-7
Let j(g) = -2*g - 8. Let s(n) = n**2 - n - 6. Let f be s(6). Let a be 5 + (-16 - f/(-4)). What is j(a)?
2
Suppose 0 = -38*y + 35*y + 3*p, -3*p = -4*y + 3. Let u(k) be the second derivative of -8*k + 0 - 1/6*k**y - 3/2*k**2. Calculate u(-8).
5
Let o be 42 + -32 + 2 + (0 - 29). Let v(a) = a**3 + 17*a**2 - 6*a + 20. Calculate v(o).
122
Let q(d) = 2*d**2 + 1. Suppose g - 38 = -o, -o - 156 = -5*o - 5*g. Let k be (-2)/3 + 1702/69. Suppose 5*s = -k + o. What is q(s)?
9
Let r(p) be the second derivative of 19/2*p**2 + 0 - 166*p + 1/3*p**3. Determine r(-18).
-17
Let h = 62 + 36. Let g = h + -102. Let n(z) = -z**3 - 4*z**2 - 5*z + 1. Determine n(g).
21
Let p(o) = -34*o - 28*o - 28*o - 32*o + 121*o. Let s(j) = 3*j - 3. Let h be s(6). Let b be ((-24)/(-20))/((-6)/h). Calculate p(b).
3
Let t(u) = -39*u**2 - 35*u - 2. Let c be t(-1). Let x(k) be the third derivative of k**5/30 + 5*k**4/24 + 7*k**3/6 - 28*k**2. Determine x(c).
49
Let k(b) = 3*b**2 - 16*b - 9. Let t = -7367 - -7373. Give k(t).
3
Let t(z) be the second derivative of -z**5/20 - z**4/6 - z**3/2 - 5*z**2/2 + 957*z. Determine t(-3).
13
Let p(r) be the third derivative of r**6/120 + r**5/30 - r**4/8 + r**3/3 + 12286*r**2. What is p(1)?
2
Let f(p) = 2*p + 26 + 0 - 15*p - 133 - 81. Determine f(-15).
7
Let c(u) = -13*u + 10. Let f(r) = -58*r + 43. Let i(s) = 9*c(s) - 2*f(s). Give i(-2).
6
Suppose 2*q + 2 = -14. Let x(d) = 6 - 3*d + d - 1 + 4 - 13. Calculate x(q).
12
Let f(a) = 4*a**2 - 3*a + 1. Let m(c) = -19*c**2 + 12*c - 11. Let p(k) = 5*f(k) + m(k). Calculate p(7).
22
Let t(x) = 15*x - 75. Suppose -3*m + 29 = 11, 3*r - 4*m + 9 = 0. What is t(r)?
0
Let z(u) = -u**2 - 7*u - 5. Suppose 18*l = 15*l - 6. Let s be (-6)/l - (5 + (2 - -1)). Give z(s).
5
Let g be -18*1*-3*(-8)/(-108). Let k be ((-6)/g)/(-1*(-9)/(-66)). Let p(c) = c**2 - 11*c + 7. Calculate p(k).
7
Let k(q) = 2 + 8 + q - 36 + 7. Suppose 4*v - 5*r - 5 = 0, 0 = -4*v + 5*v + r + 1. Determine k(v).
-19
Let v(k) = 16*k - 3. Let p(a) = a - 1. Let x(n) = -15*n - 134. Let r be x(-9). Let u(l) = r*v(l) - 4*p(l). Give u(-3).
-35
Let t(s) be the second derivative of 1/2*s**3 + 45 + s - 3/2*s**2. Calculate t(0).
-3
Let p(s) = -5*s + 5. Let k be p(1). Let f(r) = k + 0*r**2 - r**2 - 7*r - 3 + 2*r**2. Let x(y) = -y**2 + 5*y + 2. Let b be x(4). Determine f(b).
-9
Suppose 19 = -o - 4*z, 2*z + 5 = o - 6. Let t(g) = -6 - 1 + o - g + 0. Determine t(-6).
0
Let f(i) = -37*i + 68 + 75*i - 24 - 35*i. Give f(0).
44
Suppose -v + 9 = t, -2*t + 3*t - v = 9. Suppose 18 = t*w - 6*w. Let q(r) = -5*r + 2 - r - 2*r + w*r. What is q(-2)?
6
Let y = 555 - 384. Let z(p) = -14*p**3 - 171*p**2 + y*p**2 + p + 1. Determine z(-1).
14
Let r(o) = -5*o + 1. Let v(s) = 0*s + 32 + 24*s - 2*s**2 - 17*s. Let h be v(6). Give r(h).
-9
Let r(o) = 14*o - 5405*o**2 - 10*o + 4 + 5403*o**2 - o**3. What is r(-3)?
1
Suppose 661*s - 656*s - 3 = 4*o, -2*o - 5 = s. Let t(u) = -24*u - 48. What is t(o)?
0
Let k be 6 + (-152)/36 + (-4)/(-18). Let b(u) = -k + 7 + u + 8. Let y(x) = x + 12. Let l(m) = 5*b(m) - 6*y(m). Give l(-9).
2
Suppose -2*h = 37*h. Let z be -8*-4*4/(-32). Let s(l) = 4*l - 2. Let x(w) = -5*w + 2. Let g(d) = z*s(d) - 3*x(d). Give g(h).
2
Let a(z) = z**3 - 3*z**2 - 4*z + 3. Let i(r) = 4 - 1 + r**2 + r**2 - 2. Suppose -1 = -b + 4*w, 4 = -0*b + 4*b - w. Let d be i(b). Give a(d).
-9
Let t(y) = 1 + 2 - 2 + 5*y. Suppose 17*h - 421 + 1341 = 247*h. What is t(h)?
21
Let b = 8 - 0. Let s(u) = 6*u**3 - 12*u**2 - 18*u + 2. Let q(o) = -12*o**3 + 4*o**3 - 11*o**2 - 16*o + 3 + 13*o**3. Let f(h) = -5*q(h) + 4*s(h). Determine f(b).
-7
Let a(c) = c**3 + 8*c**2 + 11*c - 5. Let s be a(-3). Let l(d) = 2*d - 16. Determine l(s).
-2
Let g(q) = 2*q**2 - 14*q - 30 - 24*q + 13*q - q**2. Let s be g(25). Let o be (-2)/(-4) - s/4. Let j(v) = -v - 11. What is j(o)?
-19
Let i(z) be the second derivative of -z**5/20 + z**4/12 + z**3/6 + 9*z**2 + 14567*z. Determine i(0).
18
Let s(w) = 10*w**3 - 13*w**2 + 28*w + 61. Let k(q) = -7*q**3 + 14*q**2 - 33*q - 60. Let i(x) = -3*k(x) - 2*s(x). Determine i(12).
-2
Let u(a) be the third derivative of -7*a**5/60 + 5*a**4/24 + a**3/2 - 1981*a**2. What is u(-2)?
-35
Let f(z) = -z**3 + 2*z**2 + 3*z + 3. Suppose -95 = 11*j - 6*j. Let x be (1*j)/((-4 + 3)/1). Let l = 23 - x. What is f(l)?
-17
Let d(l) = 8 - 8*l - 24 + 4 - 2*l. What is d(2)?
-32
Let u(c) = -24*c - 45. Let p(v) = -11*v - 22. Let y(d) = -13*p(d) + 6*u(d). Let f be y(18). Let q(b) = 4*b - 3*b - 3*b. What is q(f)?
4
Let c(b) = b - 1. Suppose 0 = d + 5*d. Suppose d = p + 7 - 3. Let o(f) = -2*f + 2. Let g(j) = p*c(j) - o(j). What is g(4)?
-6
Let y(w) = w**3 - 25*w**2 + 44*w + 54. Let x(s) = s**3 + 4*s**2 + 7*s + 219. Let l be x(-7). Calculate y(l).
8
Let t(r) = r**2 + 5*r - 5. Let n(s) be the first derivative of 3*s**4/2 - s**2/2 + 6*s + 10. Let v be n(2). Let z = 48 - v. Determine t(z).
-9
Let w(t) = t**2 - 15*t - 42. Let z = 4602 + -4583. What is w(z)?
34
Let v(j) be the first derivative of -4 + 1/6*j**3 - 34*j + 3/2*j**2. Let d(z) be the first derivative of v(z). Give d(0).
3
Let k(i) be the third derivative of -i**6/120 + 7*i**5/60 - i**4/12 + i**3 - 1645*i**2. Calculate k(7).
-8
Let f(s) = 7*s + 3. Let v(j) = -1 + 2 + 7*j + 3. Let y(x) = -4*f(x) + 3*v(x). Suppose 50*t - 5*t - 79 + 34 = 0. Give y(t).
-7
Let i(o) = 15*o + 65. Let u be i(-5). Let h(q) = q**3 + 34 - 6 - 11 - 13 + 10*q**2. Determine h(u).
4
Let m(b) be the second derivative of 0 - 338*b - 7/3*b**3 + 23/2*b**2 - 17/12*b**4 - 1/20*b**5. Determine m(-16).
-9
Let i(f) = -19*f**3 - 9*f**2 - 9*f + 25. Let r(n) = -17*n**3 - 8*n**2 - 7*n + 21. Let x(l) = 5*i(l) - 6*r(l). Give x(2).
61
Let g(a) = -a - 5. Let s(k) = 2*k + 9. Let w(n) = -7*g(n) - 4*s(n). Let f(u) = -3*u - 3. Let c(h) = -f(h) + w(h). Let x = -4 + 0. Determine c(x).
-6
Let i(w) be the second derivative of w**4/12 + 4*w**3/3 + 19*w**2/2 + 14*w. Let p be i(-7). Let g(b) = -6*b - 2*b**2 - 10 + p + b**2. What is g(-7)?
-5
Let i(z) = z - 9. Let h(o) = o**2 + o + 9. Suppose 0 = -5*s + 5*g - 25, 2*g - 20 = -2*g. Let p be h(s). Give i(p).
0
Let f(x) = -x**2 - 33*x - 172. Suppose 5*a - 200 = n - 214, 0 = -5*n - 5*a - 170. Give f(n).
10
Suppose -v + 5*i = 7, 3*i - 26 = 3*v - 5. Let t(g) = 2*g**2 - 9*g + 12. Let a(h) = 3*h**2 + 4*h + 3 - 4*h**2 - 9. Let r(s) = v*a(s) - 4*t(s). Give r(6).
6
Let b(d) = -d**3 - 2. Suppose 4*k - 3*q = 3, 4*k - 5*q - 5 + 0 = 0. Suppose -39*f + 36*f = k. What is b(f)?
-2
Let o(g) = 5*g**2 - 4*g + 3. Suppose -4*z = -0*z - 36. Let y = z + 4. Let d be (y - 10)*(-4)/(-6). Calculate o(d).
15
Let n(s) be the first derivative of -7*s**2 - 19 - 5*s + 18*s**2 - 5*s**2 - 5*s**2. Suppose 0 = -12*o - 77 + 5. Calculate n(o).
-17
Let g(b) be the second derivative of -b**4/12 - 5*b**3/2 + b**2/2 - 3347*b + 1. What is g(-15)?
1
Let q = -11 + 13. Suppose 0 = -q*s - 2*s + 2*c - 20, 4*s + 24 = 3*c. Let l(z) = z**3 + 5*z**2 + 2*z - 4. What is l(s)?
8
Suppose 0 = -8*g + 9*g + 5*p - 17, 0 = 3*g + 3*p - 15. Let t(i) = -9*i**2 + 3. Determine t(g).
-33
Let x(n) = -3*n**2 + 12*n + 159. Let l(d) = 3*d - 13. Let c(m) = 12*l(m) + x(m). Give c(16).
3
Let n(y) = y**2 - 4*y + 10. Let u = -6770 - -6781. Calculate n(u).
87
Let t be 0*(26/(-312) + 10/(-168)). Let g(c) be the third derivative of t + c**2 + 1/24*c**4 + 0*c + 2/3*c**3. Give g(-7).
-3
Let s be 3/3*-1*(-13 - -4). Suppose 0 = -5*o - w - 13, -3*o + w + s = 20. Let b(h) = 14*h + 4. Give b(o).
-38
Let v(y) = -y**3